{"id":106,"date":"2025-02-15T00:50:34","date_gmt":"2025-02-14T23:50:34","guid":{"rendered":"https:\/\/www.arts-martiaux-coreens.com\/?page_id=106"},"modified":"2025-02-15T00:50:34","modified_gmt":"2025-02-14T23:50:34","slug":"combaton","status":"publish","type":"page","link":"https:\/\/www.arts-martiaux-coreens.com\/?page_id=106","title":{"rendered":"COMBATON"},"content":{"rendered":"\n<p>nom : combaton<\/p>\n\n\n\n<p>principe : sport de combat collectif<\/p>\n\n\n\n<p>origine : \u00e9tats-unis<\/p>\n\n\n\n<p>cr\u00e9ateur : Steve BLANTON<\/p>\n\n\n\n<p>Pr\u00e9sentation :<\/p>\n\n\n\n<p>Le combaton est un sport de combat collectif s\u2019inspirant du Taekwondo,<br>du football am\u00e9ricain, et du basket.<\/p>\n\n\n\n<p>Dans ce sport deux \u00e9quipes s\u2019affrontent pour obtenir un b\u00e2ton en<br>mousse.<\/p>\n\n\n\n<p>L\u2019\u00e9quipe qui a le b\u00e2ton en mousse a pour objectif d\u2019aller dans la<br>partie adverse frapper une cible avec les pieds pour marquer un point.<\/p>\n\n\n\n<p>L\u2019\u00e9quipe qui n\u2019a pas le b\u00e2ton doit elle d\u00e9fendre sa cible, et essayer<br>de reprendre le b\u00e2ton a ses adversaires, pour pouvoir ensuite essayer<br>d\u2019aller \u00e0 son tour de marquer un point.<\/p>\n\n\n\n<p>Les participants portent des maillots de football am\u00e9ricain, des protections de Taekwondo (plastron), et des casques.<\/p>\n\n\n\n<p>Note: remerciement au lecteur Tom pour son email qui m\u2019a fait d\u00e9couvert le Combaton.<\/p>\n\n\n\n<p>Vid\u00e9os :<\/p>\n\n\n\n<figure class=\"wp-block-embed is-type-video is-provider-youtube wp-block-embed-youtube wp-embed-aspect-4-3 wp-has-aspect-ratio\"><div class=\"wp-block-embed__wrapper\">\n<iframe loading=\"lazy\" title=\"Intro to comBATON 2011\" width=\"584\" height=\"438\" src=\"https:\/\/www.youtube.com\/embed\/cRZvhKOxx2w?feature=oembed\" frameborder=\"0\" allow=\"accelerometer; autoplay; clipboard-write; encrypted-media; gyroscope; picture-in-picture; web-share\" referrerpolicy=\"strict-origin-when-cross-origin\" allowfullscreen><\/iframe>\n<\/div><\/figure>\n\n\n\n<figure class=\"wp-block-embed is-type-video is-provider-youtube wp-block-embed-youtube wp-embed-aspect-4-3 wp-has-aspect-ratio\"><div class=\"wp-block-embed__wrapper\">\n<iframe loading=\"lazy\" title=\"Combaton: Basketball Martial Arts\" width=\"584\" height=\"438\" src=\"https:\/\/www.youtube.com\/embed\/H2VyWJkYlOE?feature=oembed\" frameborder=\"0\" allow=\"accelerometer; autoplay; clipboard-write; encrypted-media; gyroscope; picture-in-picture; web-share\" referrerpolicy=\"strict-origin-when-cross-origin\" allowfullscreen><\/iframe>\n<\/div><\/figure>\n\n\n\n<figure class=\"wp-block-embed is-type-video is-provider-youtube wp-block-embed-youtube wp-embed-aspect-4-3 wp-has-aspect-ratio\"><div class=\"wp-block-embed__wrapper\">\n<iframe loading=\"lazy\" title=\"Indoor comBATON: Martial Art Team Sport\" width=\"584\" height=\"438\" src=\"https:\/\/www.youtube.com\/embed\/UFV5lWjJjoo?feature=oembed\" frameborder=\"0\" allow=\"accelerometer; autoplay; clipboard-write; encrypted-media; gyroscope; picture-in-picture; web-share\" referrerpolicy=\"strict-origin-when-cross-origin\" allowfullscreen><\/iframe>\n<\/div><\/figure>\n\n\n\n<p>Liens :<\/p>\n\n\n\n<p>http:\/\/www.combaton.com<\/p>\n","protected":false},"excerpt":{"rendered":"<p>nom : combaton principe : sport de combat collectif origine : \u00e9tats-unis cr\u00e9ateur : Steve BLANTON Pr\u00e9sentation : Le combaton est un sport de combat collectif s\u2019inspirant du Taekwondo,du football am\u00e9ricain, et du basket. Dans ce sport deux \u00e9quipes s\u2019affrontent &hellip; <a href=\"https:\/\/www.arts-martiaux-coreens.com\/?page_id=106\">Continuer la lecture <span class=\"meta-nav\">&rarr;<\/span><\/a><\/p>\n","protected":false},"author":1,"featured_media":0,"parent":0,"menu_order":0,"comment_status":"closed","ping_status":"closed","template":"","meta":{"footnotes":""},"class_list":["post-106","page","type-page","status-publish","hentry"],"_links":{"self":[{"href":"https:\/\/www.arts-martiaux-coreens.com\/index.php?rest_route=\/wp\/v2\/pages\/106","targetHints":{"allow":["GET"]}}],"collection":[{"href":"https:\/\/www.arts-martiaux-coreens.com\/index.php?rest_route=\/wp\/v2\/pages"}],"about":[{"href":"https:\/\/www.arts-martiaux-coreens.com\/index.php?rest_route=\/wp\/v2\/types\/page"}],"author":[{"embeddable":true,"href":"https:\/\/www.arts-martiaux-coreens.com\/index.php?rest_route=\/wp\/v2\/users\/1"}],"replies":[{"embeddable":true,"href":"https:\/\/www.arts-martiaux-coreens.com\/index.php?rest_route=%2Fwp%2Fv2%2Fcomments&post=106"}],"version-history":[{"count":1,"href":"https:\/\/www.arts-martiaux-coreens.com\/index.php?rest_route=\/wp\/v2\/pages\/106\/revisions"}],"predecessor-version":[{"id":107,"href":"https:\/\/www.arts-martiaux-coreens.com\/index.php?rest_route=\/wp\/v2\/pages\/106\/revisions\/107"}],"wp:attachment":[{"href":"https:\/\/www.arts-martiaux-coreens.com\/index.php?rest_route=%2Fwp%2Fv2%2Fmedia&parent=106"}],"curies":[{"name":"wp","href":"https:\/\/api.w.org\/{rel}","templated":true}]}}