{"id":17,"date":"2025-02-14T23:37:28","date_gmt":"2025-02-14T22:37:28","guid":{"rendered":"https:\/\/www.arts-martiaux-coreens.com\/?page_id=17"},"modified":"2026-01-21T18:17:35","modified_gmt":"2026-01-21T17:17:35","slug":"taekwondo-wt","status":"publish","type":"page","link":"https:\/\/www.arts-martiaux-coreens.com\/?page_id=17","title":{"rendered":"TAEKWONDO WT"},"content":{"rendered":"\n<p>Taekwondo WT<\/p>\n\n\n\n<p>noms : World Taekwondo, taekwondo WT, taekwondo WTF, tae kwon do WTF,<\/p>\n\n\n\n<p>principe : art martial et sport olympique dirig\u00e9 par la f\u00e9d\u00e9ration WT (World Taekwondo)<\/p>\n\n\n\n<p>origine : le 11 avril 1955 en Cor\u00e9e, cr\u00e9ation de la f\u00e9d\u00e9ration WTF en 1973. Elle change de nom en 2017 en se renommant World Taekwondo<\/p>\n\n\n\n<p>fondateurs : Maitre Choi Hong-hi (ancien g\u00e9n\u00e9ral sud cor\u00e9en, 1918-2002) et cr\u00e9ateur du taekwondo, Dr Kim Un-Yong (premier pr\u00e9sident de la WTF), les kwans (\u00e9coles martiales cor\u00e9ennes)<\/p>\n\n\n\n<p>Pr\u00e9sentation :<\/p>\n\n\n\n<p>La traduction et signification de taekwondo est poing (tae), pied (kwon), esprit-voie (do).<br>logo world tkd<\/p>\n\n\n\n<p>Nouveau logo et nouveau nom en 2017 pour la f\u00e9d\u00e9ration (tous droits r\u00e9serv\u00e9s WT).<br>Logo de la f\u00e9d\u00e9ration WTF (tous droits r\u00e9serv\u00e9s WTF).<\/p>\n\n\n\n<figure class=\"wp-block-image size-full\"><img loading=\"lazy\" decoding=\"async\" width=\"275\" height=\"183\" src=\"https:\/\/www.arts-martiaux-coreens.com\/wp-content\/uploads\/2025\/02\/logo-world-tkd.jpg\" alt=\"\" class=\"wp-image-19\"\/><\/figure>\n\n\n\n<p>Le taekwondo WT est actuellement le plus connu, et le plus pratiqu\u00e9 des arts martiaux cor\u00e9ens.<\/p>\n\n\n\n<p>Ancien logo de la f\u00e9d\u00e9ration WTF (tous droits r\u00e9serv\u00e9s WTF).<\/p>\n\n\n\n<figure class=\"wp-block-image size-full\"><img loading=\"lazy\" decoding=\"async\" width=\"431\" height=\"160\" src=\"https:\/\/www.arts-martiaux-coreens.com\/wp-content\/uploads\/2025\/02\/WTF-logo3.gif\" alt=\"\" class=\"wp-image-18\"\/><\/figure>\n\n\n\n<p>Le taekwondo a \u00e9t\u00e9 con\u00e7u \u00e0 partir de plusieurs arts martiaux traditionnels cor\u00e9ens (ex : le tangsoodo, le taekkyon, le subak, le kwonbop), qui \u00e9taient enseign\u00e9s dans diff\u00e9rents \u00e9coles (les kwans).<\/p>\n\n\n\n<p>Ces diff\u00e9rents \u00e9coles martiales cor\u00e9ennes (les kwans) se rassemblent, et forment la f\u00e9d\u00e9ration cor\u00e9enne de Tae Su Do. L\u2019objectif \u00e9tait de r\u00e9unir ces diff\u00e9rents techniques et savoirs afin de concevoir un art martial cor\u00e9en moderne.<\/p>\n\n\n\n<p>En 1965 le Tae Su Do devient officiellement le Taekwondo.<\/p>\n\n\n\n<p>Le si\u00e8ge de la f\u00e9d\u00e9ration WT est le Kukkiwon en Cor\u00e9e du sud.<\/p>\n\n\n\n<p>Le taekwondo WT et le taekwondo ITF sont g\u00e9r\u00e9s par deux f\u00e9d\u00e9rations diff\u00e9rentes et autonomes.<\/p>\n\n\n\n<p>Ces deux taekwondo ont des point communs, mais aussi des sp\u00e9cificit\u00e9s (techniques, r\u00e8gles, tenues, etc.).<\/p>\n\n\n\n<p>Le taekwondo WT est devenu pour la premi\u00e8re fois sport olympique en 1988 au JO de S\u00e9oul, dans la cat\u00e9gorie sport de d\u00e9monstration.<\/p>\n\n\n\n<figure class=\"wp-block-image size-full\"><img loading=\"lazy\" decoding=\"async\" width=\"494\" height=\"599\" src=\"https:\/\/www.arts-martiaux-coreens.com\/wp-content\/uploads\/2025\/12\/arts-martiaux-coreens-france-wiki-commns-tkd-01.jpg\" alt=\"\" class=\"wp-image-147\" srcset=\"https:\/\/www.arts-martiaux-coreens.com\/wp-content\/uploads\/2025\/12\/arts-martiaux-coreens-france-wiki-commns-tkd-01.jpg 494w, https:\/\/www.arts-martiaux-coreens.com\/wp-content\/uploads\/2025\/12\/arts-martiaux-coreens-france-wiki-commns-tkd-01-247x300.jpg 247w\" sizes=\"auto, (max-width: 494px) 100vw, 494px\" \/><\/figure>\n\n\n\n<p>Comp\u00e9tition de taekwondo avec plastrons \u00e9lectroniques.<\/p>\n\n\n\n<p>C\u2019est au JO de Sydney en l\u2019an 2000, qu\u2019il est devenu \u00e9preuve olympique \u00e0 part enti\u00e8re.<\/p>\n\n\n\n<p>En 2017 la f\u00e9d\u00e9ration \u00ab World Taekwondo Federation \u00bb change de nom et se renomme \u00ab World Taekwondo \u00bb.<\/p>\n\n\n\n<p>Parmi les diff\u00e9rentes activit\u00e9s pratiqu\u00e9es dans le taekwondo WT, il y a :<\/p>\n\n\n\n<p>\u2013 kibon (ou kibbon) : techniques<\/p>\n\n\n\n<p>\u2013 poumsee (ou poum-sae, poomse, poom-se, pooms\u00e9) : succession de techniques codifi\u00e9es repr\u00e9sentant un combat.<\/p>\n\n\n\n<p>Il existe 17 poumsees. Il y a d\u2019abord les 8 taegeug poumsees : de la ceinture blanche \u00e0 la ceinture noire 1er Dan (Taegeug Pal-Jang). Il existe ensuite 9 poumsees dits \u00ab sup\u00e9rieurs \u00bb pour les autres dans.<\/p>\n\n\n\n<p>Poumsees de bases :<\/p>\n\n\n\n<p>01 Taegeug Il-Jang<br>02 Taegeug Yi-Jang<br>03 Taegeug Sam-Jang<br>04 Taegeug Sah-Jang<br>05 Taegeug Oh-Jang<br>06 Taegeug Youk-Jang<br>07 Taegeug Tchil-Jang<br>08 Taegeug Pal-Jang<\/p>\n\n\n\n<p>Poumsees sup\u00e9rieurs :<\/p>\n\n\n\n<p>09 Koryo<br>10 Kemgang (keumgang)<br>11 Taebaek<br>12 Pyongwon<br>13 Sipjin (sipchin)<br>14 Jitae (chitae)<br>15 Chonkwon<br>16 Hansu (jansu)<br>17 Ilyeo (ilio)<\/p>\n\n\n\n<p>\u2013 kyorugi : combat (avec ou sans touches)<\/p>\n\n\n\n<p>\u2013 kyokpa (ou kyukpa) : techniques de casse<\/p>\n\n\n\n<p>\u2013 ho-shin-soul : self d\u00e9fense<\/p>\n\n\n\n<p>\u2013 comp\u00e9titions : combats ou poumsees<\/p>\n\n\n\n<figure class=\"wp-block-image size-full\"><img loading=\"lazy\" decoding=\"async\" width=\"393\" height=\"524\" src=\"https:\/\/www.arts-martiaux-coreens.com\/wp-content\/uploads\/2025\/12\/arts-martiaux-coreens-france-wiki-commons-tkd-02.jpg\" alt=\"\" class=\"wp-image-152\" srcset=\"https:\/\/www.arts-martiaux-coreens.com\/wp-content\/uploads\/2025\/12\/arts-martiaux-coreens-france-wiki-commons-tkd-02.jpg 393w, https:\/\/www.arts-martiaux-coreens.com\/wp-content\/uploads\/2025\/12\/arts-martiaux-coreens-france-wiki-commons-tkd-02-225x300.jpg 225w\" sizes=\"auto, (max-width: 393px) 100vw, 393px\" \/><\/figure>\n\n\n\n<p>Coup de pied niveau haut lors d\u2019une comp\u00e9tition de tae kwon do.<\/p>\n\n\n\n<p>Parmi les pionniers du taekwondo en FRANCE venant de COREE DU SUD, nous pouvons citer Ma\u00eetre LEE KWAN YOUNG (9\u00e8me dan et enseignant en r\u00e9gion parisienne), et Ma\u00eetre LEE MOON HO (9\u00e8me dan et enseignant en r\u00e9gion nantaise). Nous les remercions grandement pour leurs implications, leurs enseignements, et leurs savoirs.<\/p>\n\n\n\n<figure class=\"wp-block-image size-large\"><img loading=\"lazy\" decoding=\"async\" width=\"724\" height=\"1024\" src=\"https:\/\/www.arts-martiaux-coreens.com\/wp-content\/uploads\/2026\/01\/stage-taekwondo-Beaupreau-Stage-16-juin-2024-724x1024.jpg\" alt=\"\" class=\"wp-image-164\" srcset=\"https:\/\/www.arts-martiaux-coreens.com\/wp-content\/uploads\/2026\/01\/stage-taekwondo-Beaupreau-Stage-16-juin-2024-724x1024.jpg 724w, https:\/\/www.arts-martiaux-coreens.com\/wp-content\/uploads\/2026\/01\/stage-taekwondo-Beaupreau-Stage-16-juin-2024-212x300.jpg 212w, https:\/\/www.arts-martiaux-coreens.com\/wp-content\/uploads\/2026\/01\/stage-taekwondo-Beaupreau-Stage-16-juin-2024-768x1087.jpg 768w, https:\/\/www.arts-martiaux-coreens.com\/wp-content\/uploads\/2026\/01\/stage-taekwondo-Beaupreau-Stage-16-juin-2024-1086x1536.jpg 1086w, https:\/\/www.arts-martiaux-coreens.com\/wp-content\/uploads\/2026\/01\/stage-taekwondo-Beaupreau-Stage-16-juin-2024-1448x2048.jpg 1448w, https:\/\/www.arts-martiaux-coreens.com\/wp-content\/uploads\/2026\/01\/stage-taekwondo-Beaupreau-Stage-16-juin-2024.jpg 1683w\" sizes=\"auto, (max-width: 724px) 100vw, 724px\" \/><\/figure>\n\n\n\n<figure class=\"wp-block-image size-full\"><img loading=\"lazy\" decoding=\"async\" width=\"424\" height=\"600\" src=\"https:\/\/www.arts-martiaux-coreens.com\/wp-content\/uploads\/2026\/01\/stage-50-grand-maitre-lee-kwan-young-2019.jpg\" alt=\"\" class=\"wp-image-166\" srcset=\"https:\/\/www.arts-martiaux-coreens.com\/wp-content\/uploads\/2026\/01\/stage-50-grand-maitre-lee-kwan-young-2019.jpg 424w, https:\/\/www.arts-martiaux-coreens.com\/wp-content\/uploads\/2026\/01\/stage-50-grand-maitre-lee-kwan-young-2019-212x300.jpg 212w\" sizes=\"auto, (max-width: 424px) 100vw, 424px\" \/><\/figure>\n\n\n\n<p>Vid\u00e9os :<\/p>\n\n\n\n<figure class=\"wp-block-embed is-type-video is-provider-youtube wp-block-embed-youtube wp-embed-aspect-16-9 wp-has-aspect-ratio\"><div class=\"wp-block-embed__wrapper\">\n<iframe loading=\"lazy\" title=\"M -80kg Final, Maksim Khramtcov (RUS) VS HWAN NAMGOONG (KOR)\" width=\"584\" height=\"329\" src=\"https:\/\/www.youtube.com\/embed\/Y7g0QiY48yg?feature=oembed\" frameborder=\"0\" allow=\"accelerometer; autoplay; clipboard-write; encrypted-media; gyroscope; picture-in-picture; web-share\" referrerpolicy=\"strict-origin-when-cross-origin\" allowfullscreen><\/iframe>\n<\/div><\/figure>\n\n\n\n<figure class=\"wp-block-embed is-type-video is-provider-youtube wp-block-embed-youtube wp-embed-aspect-16-9 wp-has-aspect-ratio\"><div class=\"wp-block-embed__wrapper\">\n<iframe loading=\"lazy\" title=\"Best moments Taekwondo Worlds 2013 - Behind the scenes - WTF World Championships - Puebla 2013\" width=\"584\" height=\"329\" src=\"https:\/\/www.youtube.com\/embed\/y6GZEvwkMi8?feature=oembed\" frameborder=\"0\" allow=\"accelerometer; autoplay; clipboard-write; encrypted-media; gyroscope; picture-in-picture; web-share\" referrerpolicy=\"strict-origin-when-cross-origin\" allowfullscreen><\/iframe>\n<\/div><\/figure>\n\n\n\n<p><a href=\"https:\/\/www.youtube.com\/watch?v=ky6sWRKESo4\">https:\/\/www.youtube.com\/watch?v=ky6sWRKESo4<\/a><\/p>\n\n\n\n<p>Liens :<\/p>\n\n\n\n<p><a href=\"http:\/\/www.worldtaekwondo.org\/\">http:\/\/www.worldtaekwondo.org\/<\/a><\/p>\n\n\n\n<p><a href=\"http:\/\/www.fftda.fr\/\">http:\/\/www.fftda.fr\/<\/a><\/p>\n\n\n\n<p><a href=\"http:\/\/www.abft.be\/\">http:\/\/www.abft.be\/<\/a><\/p>\n\n\n\n<p><a href=\"http:\/\/www.taekwondo.ch\">http:\/\/www.taekwondo.ch<\/a><\/p>\n\n\n\n<p><a href=\"http:\/\/www.taekwondo-quebec.ca\/\">http:\/\/www.taekwondo-quebec.ca\/<\/a><\/p>\n\n\n\n<p><a href=\"http:\/\/www.kukkiwon.or.kr\">http:\/\/www.kukkiwon.or.kr<\/a><\/p>\n\n\n\n<p><a href=\"http:\/\/www.leemoonho.com\/\">http:\/\/www.leemoonho.com\/<\/a><\/p>\n\n\n\n<p><a href=\"http:\/\/www.lee-kwan-young.com\/\">http:\/\/www.lee-kwan-young.com\/<\/a><\/p>\n\n\n\n<p><a href=\"http:\/\/www.ffst-multisports.com\">http:\/\/www.ffst-multisports.com<\/a><\/p>\n\n\n\n<p><a href=\"https:\/\/fr.wikipedia.org\/wiki\/Taekwondo\">https:\/\/fr.wikipedia.org\/wiki\/Taekwondo<\/a><\/p>\n\n\n\n<pre class=\"wp-block-code\"><code><\/code><\/pre>\n\n\n\n<p><\/p>\n","protected":false},"excerpt":{"rendered":"<p>Taekwondo WT noms : World Taekwondo, taekwondo WT, taekwondo WTF, tae kwon do WTF, principe : art martial et sport olympique dirig\u00e9 par la f\u00e9d\u00e9ration WT (World Taekwondo) origine : le 11 avril 1955 en Cor\u00e9e, cr\u00e9ation de la f\u00e9d\u00e9ration &hellip; <a href=\"https:\/\/www.arts-martiaux-coreens.com\/?page_id=17\">Continuer la lecture <span class=\"meta-nav\">&rarr;<\/span><\/a><\/p>\n","protected":false},"author":1,"featured_media":0,"parent":0,"menu_order":0,"comment_status":"closed","ping_status":"closed","template":"","meta":{"footnotes":""},"class_list":["post-17","page","type-page","status-publish","hentry"],"_links":{"self":[{"href":"https:\/\/www.arts-martiaux-coreens.com\/index.php?rest_route=\/wp\/v2\/pages\/17","targetHints":{"allow":["GET"]}}],"collection":[{"href":"https:\/\/www.arts-martiaux-coreens.com\/index.php?rest_route=\/wp\/v2\/pages"}],"about":[{"href":"https:\/\/www.arts-martiaux-coreens.com\/index.php?rest_route=\/wp\/v2\/types\/page"}],"author":[{"embeddable":true,"href":"https:\/\/www.arts-martiaux-coreens.com\/index.php?rest_route=\/wp\/v2\/users\/1"}],"replies":[{"embeddable":true,"href":"https:\/\/www.arts-martiaux-coreens.com\/index.php?rest_route=%2Fwp%2Fv2%2Fcomments&post=17"}],"version-history":[{"count":9,"href":"https:\/\/www.arts-martiaux-coreens.com\/index.php?rest_route=\/wp\/v2\/pages\/17\/revisions"}],"predecessor-version":[{"id":168,"href":"https:\/\/www.arts-martiaux-coreens.com\/index.php?rest_route=\/wp\/v2\/pages\/17\/revisions\/168"}],"wp:attachment":[{"href":"https:\/\/www.arts-martiaux-coreens.com\/index.php?rest_route=%2Fwp%2Fv2%2Fmedia&parent=17"}],"curies":[{"name":"wp","href":"https:\/\/api.w.org\/{rel}","templated":true}]}}